 - 5355. Is j prime?
False
Let c = -152 + 297. Is c composite?
True
Suppose -4*n = -20, d + 2*n + 266 = -d. Let y = 17 - d. Is y a composite number?
True
Let v = 65 - -62. Let b = -53 + v. Is b a prime number?
False
Let v(g) = -g - 3. Let x = -21 - -12. Is v(x) a composite number?
True
Suppose 11*f = 7*f. Suppose 5*u - 2*m - 415 = 0, 3*u - 2*u - 2*m - 75 = f. Is u composite?
True
Let r be 3/((-3)/2) - -20. Suppose 2*o - 2*w = 0, 0 = -3*o - 2*o - w + r. Suppose -2*d + 4*s = 3*d - 147, o*d + 4*s = 101. Is d prime?
True
Suppose -4*q + 3*l + 989 = 0, -3*q + l - 174 + 922 = 0. Is q a composite number?
False
Let v(c) = 27*c - 12. Let m(w) = 9*w - 4. Let s(j) = 14*m(j) - 4*v(j). Let a(o) = o - 1. Let u(g) = 5*a(g) - s(g). Is u(-4) composite?
True
Let w be (-1)/(-3) + (-14)/(-3). Let s = w + -1. Suppose -k + 50 = s*k. Is k composite?
True
Suppose -4*w + 665 = -371. Is w prime?
False
Suppose w + 4*w - 10 = 0. Suppose 0 = -3*t + 3*v - 357, 0*v - 355 = 3*t - w*v. Let x = 280 + t. Is x a prime number?
True
Suppose -b = -2*w + 4, -2*w + w - 4*b - 16 = 0. Suppose w = -i + 55 + 27. Is i composite?
True
Suppose 5*v = -4*j - 87, 2*v - 4 + 78 = -3*j. Is (-19026)/j + 1/(-2) a prime number?
False
Let v(p) = p**2 - 9*p - 3. Let b(u) = -u**2 - 9*u - 11. Let c be b(-8). Let n(g) = g**2 - 10*g - 3. Let h(x) = c*v(x) + 2*n(x). Is h(4) composite?
True
Suppose -6*t + 3*t + 2919 = 0. Is t a prime number?
False
Let x(g) = 2*g**2 - 2*g - 1 + 2 + 0*g. Let l be x(2). Suppose w - 6 = l. Is w composite?
False
Suppose -3*i + 6*i - 429 = 0. Is i a prime number?
False
Let p = -122 + 381. Is p a prime number?
False
Suppose -212 + 664 = 2*p. Suppose 788 + p = 4*u + 2*d, -d - 509 = -2*u. Suppose 0*h - 4*l = 2*h - u, 411 = 3*h - 4*l. Is h a composite number?
True
Let u(q) = -3*q**2 - 2*q - 2*q**3 - 5*q**3 + 5*q**3 - 2. Let k be u(-2). Let o(t) = 2*t - 6. Is o(k) a composite number?
True
Let m(h) = -2*h + 8. Let k be m(7). Is (-4786)/k + 4/(-6) a prime number?
True
Suppose -20*r + 15*r + 13025 = 0. Is r composite?
True
Let x(o) = -2*o + 6. Let l be x(6). Let n be 0/(l*(-3)/6). Suppose n = 3*i + i - 212. Is i composite?
False
Let q(p) = 25*p**3 + p**2 - 2*p + 3. Suppose -31*b = -34*b + 6. Is q(b) composite?
True
Suppose 0 = -17*r + 22*r + 10, -5*r + 3504 = 2*y. Is y prime?
False
Let v(c) = -c**2 + 10*c. Let i be v(9). Suppose 118 = g - 2*b + i, 3*b = -g + 124. Is g a composite number?
True
Let o(v) be the third derivative of 2*v**2 + 17/2*v**3 + 0*v - 1/60*v**5 + 0 - 1/24*v**4 - 1/120*v**6. Is o(0) a composite number?
True
Let w be 9/6*(-262)/(-3). Let s = w - 52. Is s composite?
False
Suppose 1718 = 3*z + a, 1148 = 6*z - 4*z - 2*a. Is z prime?
False
Let u(j) = j**3 - 6*j**2 + 5*j + 3. Is u(6) composite?
True
Let h(z) = -z**2 - 6*z + 6. Let o(w) = -2*w**2 - 12*w + 12. Let k(p) = -7*h(p) + 4*o(p). Is k(-6) prime?
False
Let t be (-9)/(-4) + 2/(-8). Suppose t*b - 3*b + 143 = 0. Is b a prime number?
False
Suppose w + 1 - 3 = 0. Is w a prime number?
True
Let f(a) = 233*a + 16. Is f(11) composite?
False
Suppose 5*l - 8 = 3*l. Suppose 669 = -l*d + 11821. Suppose -x + 2*h + 559 = 0, -5*x + d = h - 4*h. Is x prime?
True
Let y(h) = 30*h**3 + 2*h**2 + 2*h + 1. Let x be -3*(-2)/6*-1. Let w be y(x). Let d = 230 + w. Is d a composite number?
True
Let i = 20 + -63. Suppose -155 = -4*y + 165. Let r = y + i. Is r a composite number?
False
Suppose 11 = 4*l - 1. Let h(x) = -x**2 + 3 - 4*x**2 - x**l + 0 - 6*x. Is h(-5) composite?
True
Let r(q) = q**3 - 6*q**2 - 8*q - 8. Is r(9) a prime number?
True
Let j be (2 - -1)/((-5)/(-5)). Suppose -63 = -j*b - 0*b. Is b a prime number?
False
Let v(g) = 3*g**2 - 2*g + 11. Suppose -6 = -2*o + 10. Let n be v(o). Let l = -66 + n. Is l a prime number?
False
Let k be -2*(-1 - 6/(-4)). Suppose 0 = -2*j + 5 + 5. Is 40 + k + (j - 7) prime?
True
Suppose p + 0*p - 483 = -4*y, -3*p = -y - 1410. Is p a prime number?
False
Suppose 6 = -n + 16. Let g(k) = -k**3 - 6*k**2 + 5. Let u be g(-6). Suppose 0 = u*p - 105 - n. Is p composite?
False
Let q(h) = 3*h**3 - 16*h**2 - 3*h - 7. Is q(12) prime?
True
Let z be (-30)/(-14) + (-1)/7. Suppose -184 = -z*b + 238. Is b prime?
True
Let q = 89 - 12. Is q a prime number?
False
Let x = 40 + 39. Is x a composite number?
False
Let v(w) = -w + 2. Let p be v(-3). Suppose 5*u - 3*g + g + 308 = 0, -p*u = 4*g + 314. Is (u/(-3))/((-2)/(-3)) prime?
True
Let r = 5 - 7. Let q be 7 + 2 + r + -2. Let h = q + 1. Is h composite?
True
Is ((-194)/7)/((-1)/7) prime?
False
Suppose 3*g - 195 = -r, -2*g + r = 5*r - 130. Suppose q - g = -15. Suppose 2*p + 2*x - 67 = 3*x, -q = -p - 5*x. Is p prime?
False
Suppose 5*n = 4*h - 15, -4*h = -6*n + 2*n - 12. Suppose 0 = -h*c - c + 23. Is c a composite number?
False
Let a be (-2 + 1)/1*1. Is (-2 - a)*(6 + -197) a prime number?
True
Let n(u) = 3*u - 4. Let c be n(3). Suppose -4*j = -g - 0*g - 53, -4*j = -c*g - 41. Let h = 21 + j. Is h a prime number?
False
Suppose -q - 4 = -8. Is ((-159)/q)/((-2)/8) composite?
True
Let v(j) = j**2 + 5 + 2*j - 2*j + 2*j + 4*j. Let o be v(-6). Is 51 + 1 - (o + -4) a composite number?
True
Let h be (-10)/(-3 + 2 + -1). Let t(q) = q**3 - 4*q**2 + q + 1. Is t(h) a prime number?
True
Let o(f) be the second derivative of 5*f**4/6 + f**3/2 + f**2/2 - 8*f. Is o(6) composite?
False
Let s(x) = 14*x**2 + 1. Let i be s(1). Is 6/(-10) - (-294)/i prime?
True
Is (46 - 0)*((-5)/(-2) + -2) composite?
False
Suppose 5*q = -5*d + 3725, 5*d - 3*d = 0. Is q a prime number?
False
Suppose -4*d = -2626 - 1346. Is d prime?
False
Let j(a) = 42*a - 2. Let k be j(3). Suppose -3*h + 2*q + 393 = 0, -h + 4*q + k = q. Is h composite?
True
Suppose 0 = 4*k - 8 - 0. Suppose -5*w + 16 = 2*h + 2, -2*h + k*w + 42 = 0. Let l = h + 6. Is l composite?
False
Let t = -38 - -57. Suppose 3*u + i = u + t, 4*u = -3*i + 35. Is u prime?
True
Suppose 0 = x + 4*m - 150, 3*x - 410 = 2*m - 4*m. Suppose p - x - 101 = 0. Is p composite?
True
Let m be 0*(4 - 52/12). Let q(o) = o + 587. Is q(m) a composite number?
False
Suppose -19984 = -2*v - 6*v. Is v a prime number?
False
Let g(o) = o**3 + 11*o**2 + o + 2. Is g(-7) a composite number?
False
Let n(i) = -i**3 + 13*i**2 + 17*i - 10. Is n(11) a prime number?
True
Suppose 0 = -3*d + 6 + 3. Suppose 53 = a - 2*q, -2*a - 4*q + 279 = d*a. Is a composite?
True
Is (-3)/(0 - (-9)/(-618)) composite?
True
Suppose -2*w - 3*w + 5*f + 565 = 0, 2*f = -5*w + 579. Is w a composite number?
True
Let w be 7*42 + (-3)/3. Suppose 0 = -y + 2*y - w. Is y a composite number?
False
Let b(p) = 115*p - 5 - 247*p + 0 - 182*p. Is b(-2) a composite number?
True
Let n = -3 + 268. Is n a composite number?
True
Let r = -1174 + 1815. Is r prime?
True
Suppose 5*n - 5*b = n - 1, -3*n - 5*b = 27. Is 68 + 3*4/n composite?
True
Is (-34550)/(-20) - (-1)/(-2) a composite number?
True
Suppose -3*w - 308 = -2*y - 5*w, 0 = -4*y + 3*w + 637. Is y a composite number?
False
Let q(c) = c**3 + 7*c**2 - 2*c - 1. Is q(-5) a prime number?
True
Let j(v) be the second derivative of v**5/20 + v**4/4 - v**3/6 + v**2 - v. Let w be j(-3). Is (-1 + 3 - w)*-7 a composite number?
True
Let a = 95 + -399. Let h = a + 571. Is h a composite number?
True
Let x = -33 - -82. Is x a prime number?
False
Suppose -4*x + 5*n + 7485 = 0, 5*x + n = -n + 9315. Is x composite?
True
Let s be 3190/30 - (-2)/(-6). Let y = -119 - -80. Let g = s + y. Is g prime?
True
Suppose -q + 4*x + 2433 = 2*x, -4*q = 4*x - 9756. Is q a composite number?
False
Is 2/((-275)/(-1578) + (-3)/18) a prime number?
True
Let j(b) be the third derivative of b**6/120 + b**5/6 - 13*b**4/24 - 2*b**3 + 6*b**2. Is j(-11) a composite number?
True
Let i = 246 + 383. Is i prime?
False
Is (-9980)/(-4) + 5 + 3 a prime number?
True
Suppose 0 = -4*y + 8*y - 2612. Is y composite?
False
Let p be 1328/(-8)*6/(-4). Let r = -175 + p. Is r composite?
True
Let o = 11 - 11. Suppose 2*f - f - 31 = o. Is f a prime number?
True
Is ((-5928)/(-72))/(1/3) composite?
True
Let h(u) = 17*u**2 - 2*u - 1. Let f(i) = i - 7. Let s be f(6). Let q be h(s). Is 4/q + (-1490)/(-18) a composite number?
False
Let i(s) = 22*s - 5. Is i(4) composite?
False
Let o(y) = -6 + 6 - 37*y. Let p be o(-5). Suppose a + p = 6*a. Is a prime?
True
Let k = 1000 + 129. Suppose -4*c = 3*d - k, -2*c - 1797 - 102 = -5*d. Is d a composite number?
False
Let p(y